 w = 2*a, 5*q - a + 27 = 3*a. Give f(q).
5
Let u = 2640 + -2652. Let m(z) = z**3 + 12*z**2 + 3*z + 15. Determine m(u).
-21
Let r = 40 - 33. Let q be 0 - (-40)/r - (-52)/182. Let i(j) = j**2 - 6*j + 3. Give i(q).
3
Let d(a) = -9 + a**3 - 4*a**2 + 902*a - 462*a - 441*a. Determine d(3).
-21
Let r(p) be the second derivative of p**6/120 + 7*p**5/60 - p**4/12 - p**3 + 13*p**2 - 20*p. Let n(t) be the first derivative of r(t). Give n(-7).
8
Suppose 3*u = -u + 12. Let t(h) = -h**u - 5*h - 2 + 5*h**2 + 4 + 2*h**2. Let q(a) = -2*a**3 - 24*a**2 - 13*a - 150. Let l be q(-12). Give t(l).
8
Let k(w) = -w**3 + 10*w**2 + 4*w - 8. Suppose -29*a = -11*a - 180. Determine k(a).
32
Let p = -825 - -825. Let s(o) be the first derivative of -7 + 1/2*o**2 + p*o. Calculate s(6).
6
Suppose -37*a + 98 = -87. Let r(q) = -q**2 + 3*q + 7. Give r(a).
-3
Let p = -10 + 13. Let i = 12 - p. Let k be i/4 + (-2)/8. Let o(w) = w - 2. What is o(k)?
0
Let d(h) = -h + 1. Let q(z) = -9*z + 6. Let s(y) = 6*d(y) - q(y). Give s(1).
3
Let k(s) be the third derivative of -s**5/60 + s**4/3 - 7*s**3/6 - 2*s**2 + 87*s. Determine k(9).
-16
Let z(s) = 0*s**3 + 3*s - 5*s**3 + 112*s**2 - 8 - 111*s**2 + 7. Determine z(2).
-31
Let r(b) = -6*b**3 + b**2 - 1. Let o(c) be the third derivative of c**4/24 + c**3/3 + 5*c**2. Let n be o(-3). Let x be (n/((-1)/(-2)))/(-2). Give r(x).
-6
Let v(s) be the second derivative of s**5/20 - 13*s**4/12 + 2*s**3 + 2*s**2 - 2*s + 34. Give v(12).
4
Let u(b) = -21*b + 26. Let i(g) = -14*g + 17. Let t(h) = 7*i(h) - 5*u(h). Let l be t(2). Let z(j) = 2*j**3 - 4*j**2 + 4*j - 4. What is z(l)?
26
Let f = -6 + 0. Let v(r) = 4 + 210*r**2 - r**3 + 2*r**3 + 7*r - 203*r**2. Calculate v(f).
-2
Let g(i) = -2*i + 29. Let l be g(12). Let a(k) = -4*k**3 - 2*k**3 - l*k**2 - 3 - k + 14*k**3 - 7*k**3. What is a(4)?
-23
Let t(w) be the first derivative of -w**6/360 + w**5/20 + w**4/12 + 2*w**3 - 4. Let u(p) be the third derivative of t(p). Suppose 3*s - 5 = 10. Calculate u(s).
7
Let n(p) be the first derivative of -p**3/3 + p**2/2 + 37*p + 95. Give n(0).
37
Let a(q) = q + 2*q**3 - 3*q**3 + 78044 - 78045. Suppose 7 + 2 = r + v, -4*v = 2*r - 24. Let i be 8/r - 4/12. Calculate a(i).
-1
Let j(l) = -l**3 + 3*l**2 - l - 3. Let v = 3 - -1. Let p be 3/6*v - 0. Suppose -s + 14 = 4*k, -5*k + 0*s + p*s = -11. Determine j(k).
-6
Let w(d) = -2*d**3 + d**2 - d. Let m(t) = -3*t**3 - 4*t**2 + 4*t - 3. Let a(j) = -m(j) + w(j). Let b = -16 + 10. What is a(b)?
-3
Let s = 0 + 0. Let f(c) = c + 3*c**2 - 1 + 132*c**3 - 2*c**2 + 184*c**3 - 315*c**3. Determine f(s).
-1
Let w(m) be the second derivative of -5*m**2 + 0 + 1/20*m**5 + 2/3*m**4 + 5*m + 7/6*m**3. Calculate w(-7).
-10
Let i(z) = -4*z**3 + 3*z**2 + 3*z. Let r = 1250 + -1252. Give i(r).
38
Let u = 14 + -11. Let n be (u/7)/((-8)/(-56)). Let p be (-42)/(-18) - (-2)/n. Let j(z) = -z**3 + 6*z**2 - 5*z + 4. Determine j(p).
16
Let b(w) = -w**3 + w - 15. Let o(t) = -2*t - 25. Let j be o(-8). Let f(h) = -h**3 - 9*h**2. Let y be f(j). Give b(y).
-15
Let o(v) = 2*v**3 + 3*v - 3*v**2 - 3*v**3 + v**2. Let h(p) = -p**3 - 27*p**2 - 3. Let x be h(-27). Give o(x).
0
Let a(t) = -2*t**3 + t**2 - 15*t + 15. Let q be a(1). Let d(b) be the third derivative of -b**4/12 + b**3/6 + 2*b**2. Determine d(q).
3
Let k(l) = -8*l - 18. Let v(s) = s + 1. Let p(c) = -k(c) - 10*v(c). Suppose -1429 + 1435 = m. What is p(m)?
-4
Let g(i) = -i - 1. Let d be 4/8*10 - (-5)/(-5). Suppose -w = -3*w - 6, 0 = -3*x - 4*w. Suppose -10 = -3*b - d, -x*b = 3*j - 2. What is g(j)?
1
Let c = -79 + 79. Let k(v) = -3*v - 4*v - 3*v + v**3 + 7*v**2 + c*v - 11. Give k(-8).
5
Let w(q) = -q**2 - 12*q + 13. Let m be w(-11). Let r = m + -31. Let k(z) = -2*z - 6. Determine k(r).
8
Let u(h) = -h**3 - 18*h**2 + 39*h - 24. Let l be u(-20). Let r(s) = s**3 + 6*s**2 + 7*s + 9. Determine r(l).
13
Suppose 0*c = c - 1. Let y(b) = 13*b**3 + 2*b**2 - 3*b. Let l(z) = 24*z**3 + 3*z**2 - 5*z. Let v(m) = -3*l(m) + 5*y(m). Give v(c).
-6
Let p(u) = 3 - 662*u**2 + 0 + 26*u + 4 + 666*u**2. What is p(-6)?
-5
Let p = 26 - 24. Let o(z) = 6*z**2 - 5*z - 6*z**2 - 3*z**2 - p*z**2 - z**3. What is o(-4)?
4
Let v(x) = -x**3 - 2*x**2 + 2*x + 3. Let n(s) = s**3 - 9*s - 13. Let u be n(-2). Give v(u).
6
Let j(d) = -10*d + 9. Let o(a) = 10*a - 11. Let f(r) = -5*j(r) - 4*o(r). What is f(1)?
9
Let a(h) = -h**3 + 12*h**2 - 11*h. Let t be -7 - -15 - (-4 + 1). What is a(t)?
0
Let s(m) = 6*m - 10 + 3*m - 11*m. Let w be s(-5). Suppose w = -z - z. Let y(h) = h. What is y(z)?
0
Let c(k) = -5*k + 4*k - k**2 - 16*k**2. Suppose -5*j + 14 = 5*r + 9, 3*j + 2*r - 1 = 0. What is c(j)?
-16
Let z(v) = v**3 - v**2 + v + 4. Let f be (2 - 0 - 3) + 6. Suppose c - f*c = 0. Let a be z(c). Let p(w) = -w - 2. Determine p(a).
-6
Let d be (-30)/(-12)*32/10. Suppose 5*a = 7 + d. Let h(u) = -6*u**a - 2 + 9*u**2 - u + 7 - 3*u**2 + 5*u**3. Calculate h(6).
-1
Let a(c) = -5 - 4 - 1 - 1 + 12*c - 5*c. Calculate a(2).
3
Suppose -4*i + 68 = -3*u, -3 - 5 = -2*u. Suppose 3*f - 7*f - i = 0. Let q(z) = -z**3 - 6*z**2 - 4*z + 4. Determine q(f).
-1
Let q(y) be the first derivative of -1/2*y**2 - 1/4*y**4 + 3*y - 40 + 1/3*y**3. Give q(3).
-18
Let g(f) = -f**3 - f**2 - f + 3. Let a(t) = -3*t**3 + 2*t**2 + t + 5. Let z(x) = -a(x) + 2*g(x). Determine z(5).
11
Let x be (-6)/(-8)*(-8)/(-1). Suppose c = x*c - 10. Let y(q) be the third derivative of q**5/30 - q**3/3 - 712*q**2. Give y(c).
6
Suppose -5*o + 11 = 1. Let k(d) = 2*d + 1 - o - 1. What is k(-2)?
-6
Let k = -1 - -6. Suppose 5*d = -v + 4 + 3, 0 = -4*v - k*d + 13. Let w(i) = -i + 0*i + 0*i + v*i - 5. Give w(6).
1
Let o(b) = -17*b + 45. Let u(m) = 12*m - 45. Let y(j) = 3*o(j) + 4*u(j). What is y(-14)?
-3
Suppose 0 = v + 4*v - 390. Let k = v - 81. Let b(g) = g**3 + 5*g**2 + 5*g + 2. Calculate b(k).
5
Suppose -13 = -5*d - 3*a, -4*d + 3*a + 27 = -d. Let k be 6/(-1)*(0 + -1). Let v(f) = 3*f**2 + k - 5*f - 11 - 2*f**2. Give v(d).
-5
Let x(q) = -q - 6. Suppose -4*z + 16 = 2*m, 2*m - 5*z = -0*m - 2. Suppose 6*l = m*l + 10. Suppose l*y = -0*h - h + 29, -5*h + 30 = 2*y. Determine x(y).
-11
Let s(r) be the third derivative of r**5/60 - r**3/3 + 66*r**2. Let m(t) = 7 + 4*t + 1 + t**2 + 3*t. Let j be m(-6). Determine s(j).
2
Let h(c) = -386*c - 394*c - 389*c + 1164*c - 9. Give h(-5).
16
Let w be (-9)/(-27)*36/2. Let j(h) be the first derivative of -2*h**3 + 1/4*h**4 + 2 + h**2 - 5*h. Calculate j(w).
7
Let u(f) be the second derivative of f**4/12 + 7*f**3/3 + 9*f**2/2 - 8*f. Calculate u(-13).
-4
Let s(y) = -3*y**3 + y**2 + y + 1. Let k(p) = -16*p**3 + 18*p**2 + 4*p + 22. Let x(j) = -k(j) + 5*s(j). Determine x(13).
-4
Let b(n) = -1 - n + 3*n - 5*n - n**3 - 6*n**2. Let y be ((-91)/39)/((-2)/6). Let z = y + -12. Determine b(z).
-11
Let z(v) = -2*v**2 + 4*v + 6. Let h = 1622 - 1618. Calculate z(h).
-10
Let q be 30/(-6) + 15 - (4 + 2). Let n(m) = -m**2 + m + 1. Determine n(q).
-11
Let r(x) be the third derivative of x**4/12 + x**3/3 - 3*x**2. Let d = -13 + 23. Suppose 2*b - 28 + d = 3*a, 1 = -a - b. Calculate r(a).
-6
Let m(c) = c**2 - 5*c + 4. Let d(x) = 1. Let t(u) = u - 12. Suppose -2*o + 3 = b - 0, 0 = -b + 3*o - 2. Let k(f) = b*t(f) + 5*d(f). Let s be k(13). Give m(s).
10
Suppose 4*i = -3*o - 5 + 34, 10 = 5*i - 5*o. Suppose -8 = -3*j - 4*r, r + 17 = -i*j + 2. Let p(h) = h**3 + 6*h**2 + 7*h + 4. Determine p(j).
8
Let y(w) be the second derivative of -w**4/12 - 3*w**3/2 + 2*w**2 - 132*w. What is y(-8)?
12
Let g(o) = 2*o**2 - 2*o + 6. Suppose 0 = 2*j + 6, 0*b + 5*j = 5*b - 35. What is g(b)?
30
Suppose 2*z + 7 = -3. Let o(a) = -116*a + 123*a + 16 - 17. Let c(g) = -3*g + 1. Let t(l) = z*c(l) - 2*o(l). What is t(3)?
0
Suppose 0 = -0*w - 5*w + 10. Let j(l) = -3*l - 7*l + 7*l - w. Determine j(4).
-14
Let q(u) = u**3 + 2*u**2 - 5*u + 2. Let p = -28 - -36. Suppose p*g - 2*g = -24. Calculate q(g).
-10
Suppose 0 = -4*d - 2*p - 2 - 10, -4*p - 21 = 5*d. Let m(b) = 6*b**2 + b + 1. Calculate m(d).
6
Suppose -4*z - n = -27, -14 = -3*n - 5. Let g(t) = t**2 - 3*t + 10. Determine g(z).
28
Let g(j) = -2*j + 5*j - 3*j + j - 9. Suppose -3*h + 3*y = -18, 0 = -5*h - 0*y + y + 26. Determine g(h).
-4
Let y(q) = 0*q + 29*q**3 + 3*q - q + 3 + 6 + 4*q**2 - 30*q**3. Calculate y(5).
-6
Let l(u) = 20*u + 25 - 36*u + 19*u + 2. What is l(-8)?
3
Let f(t) = 3*t**2 - 143*t + 147*t + 2 + 